e prime factors of z.
2, 127
Suppose -2*f + j = -3334, -4*f + 7*j = 3*j - 6672. Suppose -4*v - l = -2230, l + f = 3*v + 5*l. List the prime factors of v.
2, 3, 31
Let p(t) = 202*t**2 - 17*t + 20. Let c be p(11). List the prime factors of (-1)/(-8) - (-2 - c/40).
3, 7, 29
Let n = 24 + -21. Suppose -4*x + 1 + n = 0. What are the prime factors of (127 + 0)*(7 + -6)*x?
127
Suppose l = -g + 74, -5*l + 6*g + 366 = 10*g. Let r = -56 + l. What are the prime factors of (110/r - 1)/((-2)/(-35))?
2, 3, 5
Let p be ((-5)/((-20)/32))/2. Suppose -u = 4*n - 0 + p, 8 = 2*u. What are the prime factors of n*2*110/(-4)?
2, 5, 11
Suppose -7*l + 27 = -4*l. Suppose 0 = l*c - 8*c + 2. List the prime factors of ((-15)/(-10))/((-1)/c).
3
List the prime factors of (6/(-4))/((-9)/(-6)) - -38602.
3, 4289
Suppose -27*i + 27821 = 16*i. What are the prime factors of i?
647
Suppose 4*u - 3*z - 14321 = 0, -18*z - 17909 = -5*u - 22*z. List the prime factors of u.
3581
Suppose 6*a = 4*a - 8*v + 34322, 0 = 4*a - 2*v - 68626. List the prime factors of a.
3, 7, 19, 43
Suppose -161 = -n - 157. Suppose -5*s = 2*w - 3928, n*s - 9803 = 6*w - 11*w. What are the prime factors of w?
3, 653
Suppose 7*d - 32 - 3 = 0. Suppose -3*s - 15 + 6 = 3*o, 15 = d*o - 5*s. Suppose o = -15*j + 16*j - 100. List the prime factors of j.
2, 5
Suppose -36*x + 18 = -33*x. Let r(z) = -z**3 + 7*z**2 - 5*z - 4. Let m be r(x). What are the prime factors of (m + -7)*(6 - 35)?
5, 29
Suppose -3*f - 12980 = -8*f. Suppose 10*b - 144 - f = 0. What are the prime factors of b?
2, 137
What are the prime factors of 24505 + (-1)/8 + (-438)/(-48)?
2, 7, 17, 103
Suppose 0 = 2*m - 4*l - 4, -2*l = 5*m - 0 + 26. List the prime factors of 1327 - (m + 12)/1.
1319
Let d(m) = 2710*m**3 + 2*m**2 + 2*m - 4. Let y be d(1). Suppose 0 = -3*o - 373 + y. What are the prime factors of o?
19, 41
Let j be 3 - 1*(-92)/4. Let w = 7 + j. What are the prime factors of -321*(-4 - w/(-9))?
107
Let t = -2612 + 1047. List the prime factors of (t/10)/((-8)/48).
3, 313
Suppose -144*r = -135*r - 4500. Let n = r - 7. What are the prime factors of n?
17, 29
Let r(y) = -114*y - 84. Let k be r(-12). Suppose c = 0, -2*g - 4*c = g - k. List the prime factors of g.
2, 107
Suppose 1924 = 3*f + 5*x, -3*f + 3*x = -2*f - 618. Suppose f = 5*r - 332. Suppose 0 = -j - j - 3*k + r, j - 4*k - 69 = 0. List the prime factors of j.
89
Let c = -2476 + 4667. What are the prime factors of c?
7, 313
Let g(s) = -433*s + 33. Let f be g(-1). Suppose x + 4*x - 469 = 4*i, -5*x + i + f = 0. What are the prime factors of x?
3, 31
Let l be ((-9)/(-10))/(3/5)*-22. List the prime factors of 78/(l/(-8) - 4).
2, 3, 13
Let z(g) = -14*g**3 + 44*g**2 - 14*g + 63. What are the prime factors of z(-9)?
3, 11, 47
Let q = -7724 + 14431. What are the prime factors of q?
19, 353
Let u = -191 - 10. Let o = u - -705. List the prime factors of o.
2, 3, 7
Let m be (-3306)/12 - (-1)/(-2). Let c = m + 534. Suppose -2*o - l = -127, -6*o + c = -2*o - 2*l. What are the prime factors of o?
2
Let w be 12/7 - (-20)/70. Let p be 4/(-22) + 35/11 + w. Suppose -20 = p*z, 0 = 5*g - 0*g - 2*z - 293. List the prime factors of g.
3, 19
Let u be 1 + -1 + (0 - -14). Let v be 178/(-26) + (-4 - 250/(-65)). Let r = v + u. List the prime factors of r.
7
Suppose -2*d = 4*c - 11592 - 70414, 0 = 2*d - 3*c - 82020. What are the prime factors of d?
3, 13669
Let t(d) = -d**3 - 20*d**2 - 15*d - 4. Let m = 47 - 66. Let k be t(m). Let a = k - -117. What are the prime factors of a?
37
Let q(f) = f**3 - 49*f**2 + 140*f - 4091. List the prime factors of q(53).
3, 5, 971
Let d = -230 - -224. Let g(x) = x**3 + 12*x**2 - 15*x + 7. List the prime factors of g(d).
313
Let w(c) = -c**3 + 51*c**2 - 20*c - 70. List the prime factors of w(28).
2, 7, 11, 113
Let q(j) = -17*j + 170. Let y be q(10). Suppose y = 4*h + 2*r - 2870, 13*r - 11*r - 722 = -h. What are the prime factors of h?
2, 179
Suppose -2*u + 3*h + 859 = 0, -2*h = -0*h + 6. Let v = 827 - u. What are the prime factors of v?
2, 3, 67
Let i = 88 + -162. Let g = -71 - i. Suppose 5*p - g*n = 617, 3*n + 39 = -2*p + 290. What are the prime factors of p?
2, 31
Let p be 130/4*(-4)/(-30)*6. Let t be -2*2/p - (-19306)/91. Suppose 5*l - 116 = -2*b + 403, 3*b - t = -2*l. What are the prime factors of l?
103
Let v(g) = 7170*g**2 - 18*g + 21. List the prime factors of v(1).
3, 797
Suppose 0 = 3*h + 3*r, -7*h - 5*r - 4 = -4*h. Suppose -5*k + 1494 = h*z, 5*k - 462 - 1018 = 5*z. What are the prime factors of k?
2, 149
Let z(d) = -d**3 + 3*d**2 + 2*d - 6. Let t be z(3). Suppose t*k = 4*k - 1180. Let l = k + -201. List the prime factors of l.
2, 47
Suppose 15 = -5*m, 2*i + 56*m - 36405 = 57*m. What are the prime factors of i?
3, 6067
Let q(w) = 1686*w**2 + 112*w - 222. List the prime factors of q(2).
2, 3373
Let c = 9020 - 4434. What are the prime factors of c?
2, 2293
Suppose 3*q = k + 13, -25 = -5*k - 0*q - 3*q. Let m be (-4 + 85)*k + 0 + -2. Suppose 5*g - m = 300. List the prime factors of g.
2, 23
Suppose 1279497 = -188*f + 9205390 + 9771863. List the prime factors of f.
3, 31379
Let s = 477 - 229. Let j = s + -7. List the prime factors of j.
241
Suppose 11632 + 20873 = 11*i. List the prime factors of i.
3, 5, 197
Suppose 307*s = 211*s + 2372448. List the prime factors of s.
13, 1901
Let r(z) = 2*z**3 - 4*z**2 - 5*z + 19. List the prime factors of r(6).
277
Suppose -9*f + 11*f - 2382 = 0. What are the prime factors of f?
3, 397
Suppose -50*o = -45*o. Suppose -v - 5*a = -130, -5*v + 5*a + 522 + 98 = o. List the prime factors of v.
5
Let n be 7/(-35)*5 + (-1785)/(-1). Suppose -922 = -11*g + n. List the prime factors of g.
2, 3, 41
Let p(z) = -29*z - 19*z - 19 + 8*z. Suppose 0 = 7*l + 8 + 20. List the prime factors of p(l).
3, 47
Suppose 19052 = 39*w + 23*w - 9964. List the prime factors of w.
2, 3, 13
Let o be (-2 - -3)/(1/(-2)). Let f be ((0 + (-1)/(-2))*o)/1. What are the prime factors of f + (-11)/((-22)/156)?
7, 11
Suppose 0 = -2939*i + 2945*i - 19110. What are the prime factors of i?
5, 7, 13
Suppose 2*u - 19 = 5*p, 0 = -u + 3*u + 2*p - 12. Suppose 0 = -n + u*n - 1350. Suppose 27*f = 22*f + n. List the prime factors of f.
3, 5
Let v be ((-2)/(-4))/(1/(-154)). Let u = v + 78. Let m(d) = 75*d**3 + d. What are the prime factors of m(u)?
2, 19
Let x(l) = 45*l**2 + 342*l + 54. List the prime factors of x(-26).
2, 3, 11, 109
Let v = 8 + -26. Let m be v/(-3) - (2 - 0). Suppose 2*b + m*x = 66, 2*b - x - 34 = 22. List the prime factors of b.
29
Suppose 0 = -4*k + m - 0*m + 691, -2*m + 867 = 5*k. Let s = 10 + k. Suppose s = 3*j - 3*f, -5 = j + 2*f - 63. What are the prime factors of j?
2, 3, 5
Suppose 5*u = -n + 4635, -40*n = -43*n + u + 13889. List the prime factors of n.
2, 5, 463
Let j(v) = v**3 + 42*v**2 + 198*v + 59. What are the prime factors of j(-34)?
5, 103
Let f(m) = -m + 12. Let a be f(6). Let z be 16256/40 + (-2)/5. Suppose -a*i + z = -134. List the prime factors of i.
2, 3, 5
Suppose -27 = 12*r - 13*r. Let q = 18 + r. Suppose -l - 5*f + 33 = 0, -l + f + q = 2*f. What are the prime factors of l?
2, 3
Suppose 0*v + v - r = 1, r = 3*v - 5. List the prime factors of (3 - -42)*v*54/60.
3
Let z = 12341 + -3959. What are the prime factors of z?
2, 3, 11, 127
Let v(i) = -1758*i - 716. List the prime factors of v(-6).
2, 1229
Suppose 27*i + 889995 - 30025 = 73*i. What are the prime factors of i?
5, 3739
Let q = 1 + 0. Let o(c) be the third derivative of 14*c**5/15 - c**4/8 + c**3/3 + 55*c**2 - 2. List the prime factors of o(q).
5, 11
Let l = -813 - -5462. What are the prime factors of l?
4649
Let q(t) be the first derivative of -15/2*t**2 - 14 - 8*t. What are the prime factors of q(-3)?
37
Suppose -2 = -6*h + 22. Suppose -u = u + h, -1 = 3*n - 4*u. What are the prime factors of (6/5)/(n/(-310))?
2, 31
Let t = 243 + -239. List the prime factors of 21*26 + (17 - 16) + t.
19, 29
List the prime factors of (24926/(-77))/((-2)/14).
2, 11, 103
List the prime factors of (-13 - -6)*42652/(-14).
2, 10663
Suppose -11*a = -5*a + 4662. Let t = a + 269. What are the prime factors of 22/55 - t/5?
2, 3, 17
Suppose 4*f - d = -1511, d = 5*f - 0*d + 1889. Let w = 2161 - f. Suppose 22*b - 585 = w. What are the prime factors of b?
2, 71
Let u(v) = -5*v**2 + 4*v**2 - v**3 + 3*v + 65 + 171 - 17. List the prime factors 